{"id":26194,"date":"2025-10-30T04:23:10","date_gmt":"2025-10-30T01:23:10","guid":{"rendered":"https:\/\/elifsstyl.com\/?post_type=product&#038;p=26194"},"modified":"2025-10-30T04:24:32","modified_gmt":"2025-10-30T01:24:32","slug":"cicek-kizlar-sukuletlik-v2","status":"publish","type":"product","link":"https:\/\/elifsstyl.com\/?product=cicek-kizlar-sukuletlik-v2","title":{"rendered":"\u00c7i\u00e7ek K\u0131zlar Sukuletlik V2"},"content":{"rendered":"","protected":false},"excerpt":{"rendered":"<p><a class=\"btn\" href=\"\/?product=\/?product=kalip-cicek-kizlar-sukuletlik-v2\">Kal\u0131p \u0130\u00e7in T\u0131kla<\/a><\/p>\n<style>\n.btn {\ndisplay: inline-block;\npadding: 10px 16px;\nborder-radius: 8px;\nbackground: #16a34a; \/* Ye\u015fil *\/\ncolor: #fff;\ntext-decoration: none;\nfont-weight: 600;\ntransition: background 0.3s;\n}<\/p>\n<p>.btn:hover {\nbackground: #15803d; \/* Koyu ye\u015fil hover rengi *\/\n}\n<\/style>\n","protected":false},"featured_media":26200,"comment_status":"open","ping_status":"closed","template":"","meta":[],"product_brand":[],"product_cat":[803,797],"product_tag":[],"class_list":{"0":"post-26194","1":"product","2":"type-product","3":"status-publish","4":"has-post-thumbnail","6":"product_cat-karisik","7":"product_cat-tas-tozu-urunler","8":"pa_renk-ozel-renk-100-tl","9":"pa_renk-renksiz","11":"first","12":"instock","13":"taxable","14":"shipping-taxable","15":"purchasable","16":"product-type-variable"},"_links":{"self":[{"href":"https:\/\/elifsstyl.com\/index.php?rest_route=\/wp\/v2\/product\/26194","targetHints":{"allow":["GET"]}}],"collection":[{"href":"https:\/\/elifsstyl.com\/index.php?rest_route=\/wp\/v2\/product"}],"about":[{"href":"https:\/\/elifsstyl.com\/index.php?rest_route=\/wp\/v2\/types\/product"}],"replies":[{"embeddable":true,"href":"https:\/\/elifsstyl.com\/index.php?rest_route=%2Fwp%2Fv2%2Fcomments&post=26194"}],"version-history":[{"count":2,"href":"https:\/\/elifsstyl.com\/index.php?rest_route=\/wp\/v2\/product\/26194\/revisions"}],"predecessor-version":[{"id":26199,"href":"https:\/\/elifsstyl.com\/index.php?rest_route=\/wp\/v2\/product\/26194\/revisions\/26199"}],"wp:featuredmedia":[{"embeddable":true,"href":"https:\/\/elifsstyl.com\/index.php?rest_route=\/wp\/v2\/media\/26200"}],"wp:attachment":[{"href":"https:\/\/elifsstyl.com\/index.php?rest_route=%2Fwp%2Fv2%2Fmedia&parent=26194"}],"wp:term":[{"taxonomy":"product_brand","embeddable":true,"href":"https:\/\/elifsstyl.com\/index.php?rest_route=%2Fwp%2Fv2%2Fproduct_brand&post=26194"},{"taxonomy":"product_cat","embeddable":true,"href":"https:\/\/elifsstyl.com\/index.php?rest_route=%2Fwp%2Fv2%2Fproduct_cat&post=26194"},{"taxonomy":"product_tag","embeddable":true,"href":"https:\/\/elifsstyl.com\/index.php?rest_route=%2Fwp%2Fv2%2Fproduct_tag&post=26194"}],"curies":[{"name":"wp","href":"https:\/\/api.w.org\/{rel}","templated":true}]}}